{"id":87,"date":"2025-11-26T17:59:41","date_gmt":"2025-11-26T16:59:41","guid":{"rendered":"http:\/\/localhost\/?page_id=87"},"modified":"2026-01-06T12:31:49","modified_gmt":"2026-01-06T11:31:49","slug":"conseils-pratiques","status":"publish","type":"page","link":"https:\/\/www.lechaletdurevv.fr\/?page_id=87","title":{"rendered":"Conseils pratiques"},"content":{"rendered":"\n<p><strong>Conseil \u00e0 emporter :<\/strong><br>&#8211; quelques torchons (vaisselle)<br>&#8211; draps housse<br>&#8211; draps ou housse de couette<br>&#8211; taies d&#8217;oreiller<br>&#8211; chaussons<br>&#8211; en cas d&#8217;arriv\u00e9e nocturne, lampe frontale<br>&#8211; papier toilette<br>&#8211; l&#8217;hiver, chaines ou pneus neige, une petite pelle (type pelle camping) pour d\u00e9gager la neige devant la porte du chalet s&#8217;il a neig\u00e9 sur Viella <\/p>\n\n\n\n<p><strong>D\u00e9chets :<\/strong><br>&#8211; Il y a des containers (verre, papier et tout venant) dans le dernier virage (100m) et sinon sur la place du village (300m).<br>&#8211; Pour les cendres de la chemin\u00e9e, vous pouvez les disperser dans les fleurs et arbustes du jardin du chalet.<\/p>\n\n\n\n<div class=\"wp-block-group\" style=\"letter-spacing:px\"><div class=\"wp-block-group__inner-container is-layout-constrained wp-block-group-is-layout-constrained\">\n<div class=\"wp-block-group is-vertical is-layout-flex wp-container-core-group-is-layout-68afab4e wp-block-group-is-layout-flex\">\n<p><strong>Avant votre d\u00e9part<\/strong> : <mark style=\"background-color:rgba(0, 0, 0, 0)\" class=\"has-inline-color has-vivid-red-color\"><strong>consignes de rangement et nettoyage<\/strong><\/mark> (vos efforts en ces domaines seront appr\u00e9ci\u00e9s des suivants) :<\/p>\n\n\n\n<p>.<strong>Rez de chauss\u00e9e<\/strong> :<\/p>\n\n\n\n<ul class=\"wp-block-list\">\n<li>nettoyer et ranger la vaisselle<\/li>\n<\/ul>\n\n\n\n<ul class=\"wp-block-list\">\n<li>nettoyer la salle d&#8217;eau (\u00e9vier et douche)<\/li>\n<\/ul>\n\n\n\n<ul class=\"wp-block-list\">\n<li>balayer et laver le sol<\/li>\n<\/ul>\n\n\n\n<ul class=\"wp-block-list\">\n<li>si les cendres du foyer de la chemin\u00e9e sont trop nombreuses les disperser dans le jardin (voir plus haut)<\/li>\n<\/ul>\n\n\n\n<ul class=\"wp-block-list\">\n<li>fermer la chemin\u00e9e avec son abattant en bois<\/li>\n<\/ul>\n\n\n\n<ul class=\"wp-block-list\">\n<li>rabattre le volet de la fen\u00eatre c\u00f4t\u00e9 cuisine<\/li>\n<\/ul>\n\n\n\n<ul class=\"wp-block-list\">\n<li>couper l&#8217;eau (robinet dans WC)<\/li>\n<\/ul>\n\n\n\n<ul class=\"wp-block-list\">\n<li>retirer le sac poubelle et \u00e9vacuer le. Mettre en place un nouveau sac poubelle dans le conteneur<\/li>\n<\/ul>\n\n\n\n<p>   .<strong>Etage :<\/strong><\/p>\n\n\n\n<ul class=\"wp-block-list\">\n<li>ranger couettes et couvertures<\/li>\n<\/ul>\n\n\n\n<ul class=\"wp-block-list\">\n<li>balayer ou passer l&#8217;aspirateur<\/li>\n<\/ul>\n\n\n\n<ul class=\"wp-block-list\">\n<li>fermer le volet de la chambre grande lucarne<\/li>\n<\/ul>\n\n\n\n<p>   .<strong>Chauffage :<\/strong><\/p>\n\n\n\n<ul class=\"wp-block-list\">\n<li>respecter les consignes de l&#8217;armoire \u00e9lectrique figurant sur la porte de celle-ci<\/li>\n<\/ul>\n\n\n\n<ul class=\"wp-block-list\">\n<li>n&#8217;oublier pas d&#8217;\u00e9teindre le chauffage du s\u00e8che serviettes de la salle d&#8217;eau<\/li>\n<\/ul>\n<\/div>\n<\/div><\/div>\n","protected":false},"excerpt":{"rendered":"<p>Conseil \u00e0 emporter :&#8211; quelques torchons (vaisselle)&#8211; draps housse&#8211; draps ou housse de couette&#8211; taies d&#8217;oreiller&#8211; chaussons&#8211; en cas d&#8217;arriv\u00e9e nocturne, lampe frontale&#8211; papier toilette&#8211; &hellip; <\/p>\n","protected":false},"author":1,"featured_media":0,"parent":0,"menu_order":0,"comment_status":"closed","ping_status":"closed","template":"","meta":{"footnotes":""},"class_list":["post-87","page","type-page","status-publish","hentry","latest_post"],"_links":{"self":[{"href":"https:\/\/www.lechaletdurevv.fr\/index.php?rest_route=\/wp\/v2\/pages\/87","targetHints":{"allow":["GET"]}}],"collection":[{"href":"https:\/\/www.lechaletdurevv.fr\/index.php?rest_route=\/wp\/v2\/pages"}],"about":[{"href":"https:\/\/www.lechaletdurevv.fr\/index.php?rest_route=\/wp\/v2\/types\/page"}],"author":[{"embeddable":true,"href":"https:\/\/www.lechaletdurevv.fr\/index.php?rest_route=\/wp\/v2\/users\/1"}],"replies":[{"embeddable":true,"href":"https:\/\/www.lechaletdurevv.fr\/index.php?rest_route=%2Fwp%2Fv2%2Fcomments&post=87"}],"version-history":[{"count":12,"href":"https:\/\/www.lechaletdurevv.fr\/index.php?rest_route=\/wp\/v2\/pages\/87\/revisions"}],"predecessor-version":[{"id":506,"href":"https:\/\/www.lechaletdurevv.fr\/index.php?rest_route=\/wp\/v2\/pages\/87\/revisions\/506"}],"wp:attachment":[{"href":"https:\/\/www.lechaletdurevv.fr\/index.php?rest_route=%2Fwp%2Fv2%2Fmedia&parent=87"}],"curies":[{"name":"wp","href":"https:\/\/api.w.org\/{rel}","templated":true}]}}