{"id":84,"date":"2025-11-26T17:50:24","date_gmt":"2025-11-26T16:50:24","guid":{"rendered":"https:\/\/www.lechaletdurevv.fr\/?page_id=84"},"modified":"2026-02-15T16:31:16","modified_gmt":"2026-02-15T15:31:16","slug":"acces-au-chalet","status":"publish","type":"page","link":"https:\/\/www.lechaletdurevv.fr\/?page_id=84","title":{"rendered":"Acc\u00e8s"},"content":{"rendered":"<h2>Acc\u00e8s automobile<\/h2><a target=\"blank\" href=\"https:\/\/www.openstreetmap.org\/search?lat=42.875227&#038;lon=0.014334&#038;zoom=19#map=19\/42.875227\/0.014334\">Lien pour l&#8217;itin\u00e9raire automobile jusqu&#8217;au chalet<\/a>\n<br>\nL&#8217;adresse exacte est : Estive n\u00b01 (Viella 65120) \/ GPS : 42.8766878 * 0.01378305\n\n<p>Description de la route d&#8217;acc\u00e8s :<br>La vall\u00e9e est accessible essentiellement par Lourdes (sud de Tarbes) puis Argeles-Gazost et Pierrefitte-Nestalas. <br>A partir de Pierrefitte-Nestalas, c&#8217;est la vall\u00e9e des gorges de Luz (11 km pour Luz-Saint-Sauveur, 13 km pour Viella)<\/p>\n\n\n\n<figure class=\"wp-block-image size-full is-resized\"><img loading=\"lazy\" decoding=\"async\" width=\"604\" height=\"340\" src=\"https:\/\/www.lechaletdurevv.fr\/wp-content\/uploads\/2025\/11\/acces_viella_01.png\" alt=\"acces viella (gorges luz)\" class=\"wp-image-86\" style=\"width:373px;height:auto\"\/><figcaption class=\"wp-element-caption\">Acces \u00e0 viella, gorge de Luz<\/figcaption><\/figure>\n\n\n\n<p><br>Traverser Luz en direction de Bar\u00e8ges, <br>2 km apr\u00e8s Luz (et Esterre) le village est sur la droite (virage serr\u00e9)<\/p>\n\n\n\n<figure class=\"wp-block-image size-full is-resized\"><img loading=\"lazy\" decoding=\"async\" width=\"850\" height=\"506\" src=\"https:\/\/www.lechaletdurevv.fr\/wp-content\/uploads\/2025\/12\/ROUTE_VIELLA_01.png\" alt=\"virage vers viella\n\" class=\"wp-image-250\" style=\"aspect-ratio:1.6798196166854567;width:259px;height:auto\"\/><\/figure>\n\n\n\n<p>Le chalet est tout en haut du village au dernier parking avec 3 virages serr\u00e9s et pentus (\u00e0 300m de la mairie, de l\u2019\u00e9glise et de l\u2019auberge)<br>Se garer si possible sur la place indiqu\u00e9e n\u00b01 (petit panneau)<\/p>\n\n\n\n<figure class=\"wp-block-image size-full is-resized\"><img loading=\"lazy\" decoding=\"async\" width=\"590\" height=\"799\" src=\"https:\/\/www.lechaletdurevv.fr\/wp-content\/uploads\/2025\/12\/CHALET_VIELLA_EXT_05.jpg\" alt=\"parking chalet\" class=\"wp-image-252\" style=\"aspect-ratio:0.7384324160893595;width:249px;height:auto\"\/><\/figure>\n\n\n\n\n<h2>Acc\u00e8s en transport public<\/h2>\n<ul> <li>Train jusqu&#8217;\u00e0 Lourdes<\/li>\n<li>puis <a href=\"https:\/\/www.luz.org\/wp-content\/uploads\/2024\/05\/Ligne_965_Lourdes_Bareges.pdf\" target=\"blank\"> bus Lourdes &#8211; Argeles-Gazost &#8211; Bareges \/ Gavarnie<\/a> jusqu&#8217;\u00e0 Luz Saint-Sauveur ou le bas du village de Viella (covoiturage en alternative)<\/li>\n<li> et \u00e0 pied pour acc\u00e9der au chalet <a href=\"https:\/\/www.openstreetmap.org\/directions?engine=fossgis_osrm_foot&#038;route=42.875256%2C0.014162%3B42.87839%2C0.01958#map=16\/42.87767\/0.01828\" target=\"blank\">depuis le bas du village<\/a> ou depuis  <a href=\"https:\/\/www.openstreetmap.org\/directions?engine=fossgis_osrm_foot&#038;route=42.87291%2C-0.00255%3B42.875162%2C0.013969#map=17\/42.875520\/0.012703\" target=\"blank\">depuis Luz Saint-Sauveur<\/a><\/li>\n<\/ul>\n","protected":false},"excerpt":{"rendered":"<p>Acc\u00e8s automobile Lien pour l&#8217;itin\u00e9raire automobile jusqu&#8217;au chalet L&#8217;adresse exacte est : Estive n\u00b01 (Viella 65120) \/ GPS : 42.8766878 * 0.01378305 Description de la &hellip; <\/p>\n","protected":false},"author":1,"featured_media":261,"parent":0,"menu_order":0,"comment_status":"closed","ping_status":"closed","template":"","meta":{"footnotes":""},"class_list":["post-84","page","type-page","status-publish","has-post-thumbnail","hentry","latest_post"],"_links":{"self":[{"href":"https:\/\/www.lechaletdurevv.fr\/index.php?rest_route=\/wp\/v2\/pages\/84","targetHints":{"allow":["GET"]}}],"collection":[{"href":"https:\/\/www.lechaletdurevv.fr\/index.php?rest_route=\/wp\/v2\/pages"}],"about":[{"href":"https:\/\/www.lechaletdurevv.fr\/index.php?rest_route=\/wp\/v2\/types\/page"}],"author":[{"embeddable":true,"href":"https:\/\/www.lechaletdurevv.fr\/index.php?rest_route=\/wp\/v2\/users\/1"}],"replies":[{"embeddable":true,"href":"https:\/\/www.lechaletdurevv.fr\/index.php?rest_route=%2Fwp%2Fv2%2Fcomments&post=84"}],"version-history":[{"count":20,"href":"https:\/\/www.lechaletdurevv.fr\/index.php?rest_route=\/wp\/v2\/pages\/84\/revisions"}],"predecessor-version":[{"id":569,"href":"https:\/\/www.lechaletdurevv.fr\/index.php?rest_route=\/wp\/v2\/pages\/84\/revisions\/569"}],"wp:featuredmedia":[{"embeddable":true,"href":"https:\/\/www.lechaletdurevv.fr\/index.php?rest_route=\/wp\/v2\/media\/261"}],"wp:attachment":[{"href":"https:\/\/www.lechaletdurevv.fr\/index.php?rest_route=%2Fwp%2Fv2%2Fmedia&parent=84"}],"curies":[{"name":"wp","href":"https:\/\/api.w.org\/{rel}","templated":true}]}}

Accès

<h2>Accès automobile</h2><a target="blank" href="https://www.openstreetmap.org/search?lat=42.875227&#038;lon=0.014334&#038;zoom=19#map=19/42.875227/0.014334">Lien pour l&#8217;itinéraire automobile jusqu&#8217;au chalet</a>
<br>
L&#8217;adresse exacte est : Estive n°1 (Viella 65120) / GPS : 42.8766878 * 0.01378305

<p>Description de la route d&#8217;accès :<br>La vallée est accessible essentiellement par Lourdes (sud de Tarbes) puis Argeles-Gazost et Pierrefitte-Nestalas. <br>A partir de Pierrefitte-Nestalas, c&#8217;est la vallée des gorges de Luz (11 km pour Luz-Saint-Sauveur, 13 km pour Viella)</p>



<figure class="wp-block-image size-full is-resized"><img loading="lazy" decoding="async" width="604" height="340" src="https://www.lechaletdurevv.fr/wp-content/uploads/2025/11/acces_viella_01.png" alt="acces viella (gorges luz)" class="wp-image-86" style="width:373px;height:auto"/><figcaption class="wp-element-caption">Acces à viella, gorge de Luz</figcaption></figure>



<p><br>Traverser Luz en direction de Barèges, <br>2 km après Luz (et Esterre) le village est sur la droite (virage serré)</p>



<figure class="wp-block-image size-full is-resized"><img loading="lazy" decoding="async" width="850" height="506" src="https://www.lechaletdurevv.fr/wp-content/uploads/2025/12/ROUTE_VIELLA_01.png" alt="virage vers viella
" class="wp-image-250" style="aspect-ratio:1.6798196166854567;width:259px;height:auto"/></figure>



<p>Le chalet est tout en haut du village au dernier parking avec 3 virages serrés et pentus (à 300m de la mairie, de l’église et de l’auberge)<br>Se garer si possible sur la place indiquée n°1 (petit panneau)</p>



<figure class="wp-block-image size-full is-resized"><img loading="lazy" decoding="async" width="590" height="799" src="https://www.lechaletdurevv.fr/wp-content/uploads/2025/12/CHALET_VIELLA_EXT_05.jpg" alt="parking chalet" class="wp-image-252" style="aspect-ratio:0.7384324160893595;width:249px;height:auto"/></figure>




<h2>Accès en transport public</h2>
<ul> <li>Train jusqu&#8217;à Lourdes</li>
<li>puis <a href="https://www.luz.org/wp-content/uploads/2024/05/Ligne_965_Lourdes_Bareges.pdf" target="blank"> bus Lourdes &#8211; Argeles-Gazost &#8211; Bareges / Gavarnie</a> jusqu&#8217;à Luz Saint-Sauveur ou le bas du village de Viella (covoiturage en alternative)</li>
<li> et à pied pour accéder au chalet <a href="https://www.openstreetmap.org/directions?engine=fossgis_osrm_foot&#038;route=42.875256%2C0.014162%3B42.87839%2C0.01958#map=16/42.87767/0.01828" target="blank">depuis le bas du village</a> ou depuis  <a href="https://www.openstreetmap.org/directions?engine=fossgis_osrm_foot&#038;route=42.87291%2C-0.00255%3B42.875162%2C0.013969#map=17/42.875520/0.012703" target="blank">depuis Luz Saint-Sauveur</a></li>
</ul>

<p>Accès automobile Lien pour l&#8217;itinéraire automobile jusqu&#8217;au chalet L&#8217;adresse exacte est : Estive n°1 (Viella 65120) / GPS : 42.8766878 * 0.01378305 Description de la &hellip; </p>
